ctors of 389603.
53, 7351
What are the prime factors of 4901254?
2, 23, 47, 2267
What are the prime factors of 17465640?
2, 3, 5, 145547
List the prime factors of 168188.
2, 19, 2213
List the prime factors of 23791221.
3, 1237, 2137
What are the prime factors of 8193202?
2, 97, 157, 269
List the prime factors of 8032009.
79, 293, 347
What are the prime factors of 217449?
3, 37, 653
What are the prime factors of 3239374?
2, 1619687
What are the prime factors of 7685222?
2, 59, 65129
List the prime factors of 913746.
2, 3, 67, 2273
List the prime factors of 624327.
3, 11, 18919
What are the prime factors of 12261582?
2, 3, 727, 937
List the prime factors of 2608743.
3, 31, 28051
What are the prime factors of 1370071?
19, 72109
List the prime factors of 369737.
31, 11927
What are the prime factors of 24003379?
24003379
What are the prime factors of 602605?
5, 191, 631
List the prime factors of 303570.
2, 3, 5, 3373
What are the prime factors of 10158117?
3, 1249, 2711
List the prime factors of 7051930.
2, 5, 29, 24317
List the prime factors of 2080374.
2, 3, 109, 3181
List the prime factors of 336329.
7, 23, 2089
List the prime factors of 3391218.
2, 3, 188401
List the prime factors of 1497257.
19, 78803
List the prime factors of 18137040.
2, 3, 5, 75571
What are the prime factors of 35027?
35027
What are the prime factors of 240857?
107, 2251
What are the prime factors of 185749?
185749
List the prime factors of 672902.
2, 157, 2143
List the prime factors of 1014934.
2, 17, 29851
List the prime factors of 234855.
3, 5, 17, 307
List the prime factors of 160736.
2, 5023
List the prime factors of 22172912.
2, 683, 2029
What are the prime factors of 477199?
41, 103, 113
List the prime factors of 1518898.
2, 19, 39971
What are the prime factors of 18110893?
71, 255083
What are the prime factors of 227946?
2, 3, 37991
What are the prime factors of 3405042?
2, 3, 189169
List the prime factors of 448650.
2, 3, 5, 997
List the prime factors of 3767124.
2, 3, 23, 13649
What are the prime factors of 246958?
2, 123479
List the prime factors of 208863.
3, 23, 1009
What are the prime factors of 1055496?
2, 3, 13, 17, 199
What are the prime factors of 456150?
2, 3, 5, 3041
List the prime factors of 353593.
347, 1019
What are the prime factors of 7108151?
7108151
List the prime factors of 2083211.
13, 37, 61, 71
What are the prime factors of 86227?
23, 163
What are the prime factors of 32958?
2, 3, 1831
What are the prime factors of 2101763?
23, 91381
What are the prime factors of 24367163?
29, 67, 12541
List the prime factors of 1517625.
3, 5, 19, 71
List the prime factors of 1127619.
3, 349, 359
What are the prime factors of 382183?
53, 7211
What are the prime factors of 393043?
7, 56149
List the prime factors of 285124.
2, 7, 17, 599
List the prime factors of 92947.
41, 2267
What are the prime factors of 130657?
130657
What are the prime factors of 14807879?
59, 419, 599
List the prime factors of 9708910.
2, 5, 29, 33479
List the prime factors of 1411391.
17, 83023
What are the prime factors of 113946?
2, 3, 7, 2713
What are the prime factors of 5713105?
5, 17, 67213
What are the prime factors of 20247318?
2, 3, 7, 13, 47, 263
What are the prime factors of 896836?
2, 224209
What are the prime factors of 414354?
2, 3, 53, 1303
List the prime factors of 494987.
494987
What are the prime factors of 24541540?
2, 5, 17, 19, 29, 131
List the prime factors of 12234002.
2, 11, 359, 1549
What are the prime factors of 149567?
11, 13597
List the prime factors of 3773743.
3773743
List the prime factors of 388512.
2, 3, 19, 71
List the prime factors of 5119855.
5, 13, 73, 83
List the prime factors of 14246392.
2, 1780799
List the prime factors of 148868.
2, 37217
What are the prime factors of 728378?
2, 7, 52027
List the prime factors of 9668325.
3, 5, 17, 7583
What are the prime factors of 13869509?
61, 271, 839
List the prime factors of 292211.
103, 2837
What are the prime factors of 555282?
2, 3, 7, 13, 113
List the prime factors of 3956415.
3, 5, 263761
List the prime factors of 281063.
281063
What are the prime factors of 2465542?
2, 1232771
What are the prime factors of 333891?
3, 23, 1613
List the prime factors of 27283137.
3, 7, 67, 19391
List the prime factors of 2335238.
2, 197, 5927
What are the prime factors of 223713?
3, 7, 53, 67
List the prime factors of 2159466.
2, 3, 359911
What are the prime factors of 19443?
3, 6481
List the prime factors of 3700973.
757, 4889
What are the prime factors of 108106?
2, 191, 283
List the prime factors of 5426217.
3, 200971
List the prime factors of 3143911.
19, 165469
List the prime factors of 11260198.
2, 19, 257, 1153
List the prime factors of 3694707.
3, 136841
What are the prime factors of 21917960?
2, 5, 43, 12743
List the prime factors of 45373.
17, 157
What are the prime factors of 174720?
2, 3, 5, 7, 13
What are the prime factors of 592310?
2, 5, 61, 971
List the prime factors of 121228.
2, 30307
What are the prime factors of 710609?
710609
List the prime factors of 1316396.
2, 19, 17321
What are the prime factors of 27647367?
3, 11, 653, 1283
What are the prime factors of 406890?
2, 3, 5, 11, 137
What are the prime factors of 2425329?
3, 43, 2089
What are the prime factors of 8125512?
2, 3, 338563
What are the prime factors of 3029872?
2, 409, 463
List the prime factors of 13710863.
179, 76597
What are the prime factors of 2179790?
2, 5, 217979
What are the prime factors of 21307987?
17, 19, 41, 1609
What are the prime factors of 213491?
213491
What are the prime factors of 784634?
2, 149, 2633
What are the prime factors of 589304?
2, 19, 3877
List the prime factors of 223261.
17, 23, 571
What are the prime factors of 741911?
23, 32257
What are the prime factors of 9226139?
13, 709703
List the prime factors of 17401539.
3, 829, 6997
List the prime factors of 119432.
2, 14929
What are the prime factors of 68860?
2, 5, 11, 313
What are the prime factors of 1789797?
3, 596599
List the prime factors of 7307852.
2, 53, 34471
What are the prime factors of 36778?
2, 7, 37, 71
What are the prime factors of 7727173?
223, 34651
List the prime factors of 11420.
2, 5, 571
What are the prime factors of 1582257?
3, 527419
What are the prime factors of 251616?
2, 3, 2621
What are the prime factors of 12410542?
2, 6205271
What are the prime factors of 66598?
2, 7, 67, 71
What are the prime factors of 111808?
2, 1747
What are the prime factors of 5511686?
2, 883, 3121
What are the prime factors of 337203?
3, 23, 181
List the prime factors of 1447397.
7, 17, 12163
List the prime factors of 16603291.
103, 331, 487
List the prime factors of 7449416.
2, 13, 83, 863
What are the prime factors of 116480?
2, 5, 7, 13
List the prime factors of 108064.
2, 11, 307
List the prime factors of 1456050.
2, 3, 5, 17, 571
What are the prime factors of 4964711?
23, 215857
List the prime factors of 923775.
3, 5, 109, 113
List the prime factors of 318872.
2, 23, 1733
What are the prime factors of 1616689?
1616689
What are the prime factors of 18453157?
41, 450077
List the prime factors of 25490723.
19, 1341617
List the prime factors of 698891.
698891
What are the prime factors of 303736?
2, 37967
List the prime factors of 11776925.
5, 67, 79, 89
List the prime factors of 199182.
2, 3, 89, 373
What are the prime factors of 161364?
2, 3, 7, 17, 113
What are the prime factors of 236917?
236917
What are the prime factors of 160822?
2, 191, 421
What are the prime factors of 6802864?
2, 193, 2203
What are the prime factors of 13452655?
5, 2690531
List the prime factors of 213852.
2, 3, 71, 251
List the prime factors of 715429.
11, 13, 5003
What are the prime factors of 135826?
2, 113, 601
What are the prime factors of 109793?
109793
What are the prime factors of 220185?
3, 5, 7, 233
List the prime factors of 3548579.
3548579
What are the prime factors of 333986?
2, 41, 4073
What are the prime factors of 2263871?
227, 9973
List the prime factors of 10353434.
2, 7, 13, 163, 349
What are the prime factors of 220582?
2, 110291
What are the prime factors of 353355?
3, 5, 23557
List the prime factors of 11338215.
3, 5, 7, 83, 1301
What are the prime factors of 2833793?
19, 29, 37, 139
List the prime factors of 1230695.
5, 47, 5237
What are the prime factor